ine n(x).
5
Let i(k) = 170 - 88 - 73 + 4*k. What is i(-9)?
-27
Let n(r) = r - 10. Let a = 68 - 63. Suppose -2*b + 3 = 3*k, -a*k - 17 = -3*b + 16. What is n(b)?
-4
Let l(c) = -3*c - 22. Let j be l(-8). Let t(m) = 18 + 4*m + 2*m**j - 44 + 27. Calculate t(-3).
7
Let h(m) = -2*m**3 + 4*m + 1. Suppose 0 = 8*z - 12*z - 8. Determine h(z).
9
Suppose 0 = -0*x + 3*x + 5*l - 19, -5*l + 16 = 2*x. Let q(u) be the second derivative of 0 - u + 1/6*u**x - u**2. Calculate q(4).
2
Let p be 112/140*(0 - 15/(-2)). Let f(d) = -57*d + 2*d**3 + 7 - d**3 + 61*d - p*d**2. Calculate f(5).
2
Let c(r) be the first derivative of r**3/3 + 7*r**2/2 - 11*r + 225. Calculate c(-10).
19
Let h(m) = -m**2 - 2*m + 4. Suppose -17 = 4*s + x, -8*s + 3*s = -5*x + 15. Let b be (-2)/(1/(-8)*s). Give h(b).
-4
Let c(v) be the third derivative of -v**5/60 - v**4/24 + 2*v**3/3 + v**2. Let o(i) = 2*i - 4. Let g be o(5). Suppose g = p + p. Calculate c(p).
-8
Let j(b) = 5 - 12 + 2017*b - 2016*b. Let c(d) = -7*d**2 + 5*d**3 - 2*d**3 + 5 - 2*d**3. Let i be c(7). Determine j(i).
-2
Let b(n) = 12*n - 7. Let p(z) = 17*z - 10. Let h(k) = -7*b(k) + 5*p(k). What is h(-14)?
-15
Let q(v) = -v**3 - 4*v**2 - 4. Let t(u) = -u**3 - 13*u**2 - 24*u - 25. Let a be t(-11). What is q(a)?
-13
Let t(y) = -2*y + 1. Let s(z) = z**3 - 14*z**2 - 8. Let l be s(14). Let f = l + 11. Suppose 2*g + 1 = -f. What is t(g)?
5
Let i(c) = -c**3 + 7*c - 10. Let w be i(2). Let h(k) = k**3 + 4*k**2 - 2*k - 4. Determine h(w).
4
Let c be 16/(-56) + (-33)/7. Let d(f) = -f**2 - 5*f + 6. What is d(c)?
6
Let s(c) = 8*c - c**3 + 8*c**2 - 8*c + 8. Suppose -4*n - 20 = -8*n + 4*v, 4 = -n + 4*v. Give s(n).
8
Let x(q) = -q**3 + 5*q**2 - 4*q + 1. Suppose -26 + 96 = -7*c. Let p be (1 - (-25)/c)*-2. What is x(p)?
7
Let s(u) = u**2 + 3*u - 4. Let b(w) = -20 - 1 + 37*w + 5*w**2 - 23*w. Let x(m) = -2*b(m) + 11*s(m). Calculate x(-3).
-8
Suppose 4 = -2*p, -3*o + 3*p + 71 + 7 = 0. Let y = o + -18. Let t(s) = -2*s + 4. Calculate t(y).
-8
Let v = -1255 - -1240. Let g(c) = c**2 + 18*c + 45. Calculate g(v).
0
Let l(o) be the second derivative of o**4/12 - 3*o**3/2 - 3*o**2 - 2*o + 22. What is l(7)?
-20
Let c(v) = -11*v**3 + 5*v**2 - 5*v + 3. Let l(h) = 36*h**3 - 15*h**2 + 13*h - 8. Let s(k) = -13*c(k) - 4*l(k). What is s(-7)?
0
Let o(r) = -r**3 - 5*r**2 + r - 1. Suppose 5*t + 41 + 14 = -6*f, 0 = -4*f + 2*t - 10. Determine o(f).
-6
Let o = 40 + -6. Suppose o = -0*z + z + 5*v, 0 = -4*z - 2*v + 82. Let l(h) = -2 + 18*h - z*h + 1. Determine l(-2).
1
Let n(y) = -y + 4. Let u(d) = 3. Let h(j) = n(j) + 4*u(j). Give h(-13).
29
Let o(t) = 6*t - 1. Let f = 109 - 125. Let m be (-30)/f - (-6)/144*3. What is o(m)?
11
Let b(x) be the first derivative of x**4/4 + x**3 + x**2 + 4*x - 78. What is b(-3)?
-2
Let b(a) be the second derivative of -a**5/20 - a**4/4 + a**2 + 252*a. What is b(2)?
-18
Let w(d) = -1 - 948*d + 445*d + 500*d. Suppose 4*r = 2*r - 2. Calculate w(r).
2
Let i(f) = -2*f**2 - 2*f - 5. Suppose -12*m + 2075 - 2123 = 0. What is i(m)?
-29
Let d be (11/(-33))/((-2)/18). Let x(c) = 6*c - 3 + 5*c**2 - 4*c**2 - 5*c**2 + d*c**2. Determine x(5).
2
Let c be 2 + (-8)/(-4) + -1. Let z(l) = l**3 - l + 38*l**2 + c - 1 - 32*l**2. What is z(-6)?
8
Let f(j) = 6*j - 5. Let b(o) = -5*o + 5. Let h(l) = -4*b(l) - 3*f(l). Let k(w) = -2*w - 5. Let m be k(-5). Let c = -9 + m. Determine h(c).
-13
Let g(n) = n**2 - 8*n + 12. Let a be g(6). Let x(w) = 2*w**3 + a*w**3 - w**3 - 5*w**2. Give x(5).
0
Let z(m) = m**2 - m. Let v(g) = 7*g**2 + 10*g. Let l(d) = v(d) + 9*z(d). Give l(-1).
15
Let b = -12 + 35. Suppose 5*m + b = 58. Let w be (-1)/m - (-26)/(-14). Let g(n) = 2*n + 1. Calculate g(w).
-3
Let u(f) = 3*f**2 - f - 1. Let p = -3 - -1. Let r be (-3 + 1)/(p/4). Let y = 6 - r. Determine u(y).
9
Let l be ((-4)/6)/(2/(-3)). Let c(z) = -2*z - 8*z - 7*z**2 - 5*z**3 + 9*z + 9*z**2. Calculate c(l).
-4
Let m be (1 - 0/1)/(85 + -86). Let u(i) = 3*i**2 - 9*i - 10. Calculate u(m).
2
Let k be 6/24 + (-50)/8. Let u = 9 + k. Let y(w) = -4*w - 5*w**u + w + 6*w**3 + 3*w**2. What is y(-4)?
-4
Let m(b) = -b**3 + 3*b**2 + 5*b + 3. Suppose 0 = -17*x + 8*x + 36. Determine m(x).
7
Let t(v) = 56*v - 34. Let y(r) be the second derivative of 5*r**3/6 - 3*r**2/2 + 5*r. Let w(d) = 6*t(d) - 68*y(d). Give w(1).
-4
Suppose 89 = 5*a + i, 56 = 3*a - i - i. Suppose -4*z + 3*x = 6*x + 23, a = -4*z + 2*x. Let k(u) = -3*u - 6 + 3*u - u. Determine k(z).
-1
Let k(s) = -s**3 - 15*s**2 - 2*s - 20. Suppose -14*o + 9*o = 75. Determine k(o).
10
Let n(f) be the third derivative of f**5/30 + f**4/24 + f**3/6 + 9*f**2. Let i be n(-1). Let g(o) = -7*o**2 + 2*o + o**i + 6*o - o**3. Give g(-7).
-7
Let w(k) = k**2 + 6*k + 5. Suppose f - 1157 = -3*m - 215, -m = 5*f - 314. Suppose -3*l + 299 = m. Determine w(l).
0
Suppose -16*i = -19*i - 6. Let f(v) = -7*v - 6. Give f(i).
8
Let o(m) = m**2. Let p(d) = 6*d**2 + 5*d + 1. Let r(q) = -5*o(q) + p(q). Let k be (-25)/10*26/(-5). Let n = k - 18. What is r(n)?
1
Let u(y) = 23*y - 57*y + 24*y + 4. Determine u(3).
-26
Let j(z) = -6*z**3 - 5*z**2 + 3*z + 6. Let s(h) = -h**3 + h + 1. Let y(k) = j(k) - 5*s(k). Calculate y(-2).
-7
Let b be (4/5 + 0)/((-6)/(-105)). Suppose 24 = -6*n + b*n. Let y(m) = m - 2. What is y(n)?
1
Let s(a) = -3*a**3 + a**2 - a. Suppose -2 = -3*x + 2*x. What is s(x)?
-22
Let u = -25 + 15. Let i = 14 + u. Let v(z) = -2*z**3 - 42*z + 3*z**3 + 45*z**2 + 40*z - 48*z**2 + 1. Calculate v(i).
9
Let n(o) = o**2 + 9*o - 18. Suppose 10 + 56 = -6*j. Let m be n(j). Let a(l) = 16*l + 4. Let y(i) = 11*i + 3. Let t(g) = 5*a(g) - 7*y(g). Give t(m).
11
Suppose 0 = -3*f + l + 27, -2*f = 3*l - 1 - 17. Let a(g) = 2*g - 12*g + 1 + f*g. Determine a(0).
1
Let k(i) = -i**3 - 8*i**2 - 9*i + 3. Suppose 5*y - 18 = -u - 53, 0 = 3*y - 5*u + 21. Give k(y).
17
Suppose 0*l - 9 = -4*c + l, c = l + 3. Let u(a) = 0 - 8*a + 2 + 9*a + a**3 - a**c. What is u(2)?
8
Let r be 11 - -3*(-10)/(-15). Suppose 2*x - r = -4*k + 17, -k = 5*x - 3. Let z(l) = -l + 5 + 8*l - 24*l**2 + 23*l**2. Give z(k).
-3
Let s(z) = -z**2 + 9*z - 5. Let o(h) = 6*h + 14. Let i be o(-2). Let x(k) = k**2 - 10*k + 4. Let q(g) = i*x(g) + 3*s(g). Give q(5).
3
Let l = 15 - 13. Let c(k) = -2 + 5*k**2 - k**2 + 3*k - 8*k**2 + 0. Calculate c(l).
-12
Let o(b) = 31*b + 1. Let d be (-2)/((-4 - -1)*(-4)/6). What is o(d)?
-30
Let s(k) = -2*k**2 + 4*k - 3. Let i be (-5 - (-515)/10)*2/1. Let h = i - 91. Give s(h).
-3
Suppose 14 = -9*h - 4. Let k(a) = -a**3 - 5*a**2 - 6*a. Let v(u) = -4*u**2 - 5*u. Let p(q) = 3*k(q) - 4*v(q). Give p(h).
24
Let m(b) = 3 + 249*b - 246*b + 127*b**2 - 126*b**2. Calculate m(5).
43
Let r(a) = a + 1. Suppose p - 2*c - c = -10, -2*p = -2*c. Suppose 0 = 5*n - 0*n - p*w + 5, 0 = -2*n - 4*w - 8. Let v be (n/6)/((-1)/15). Give r(v).
6
Suppose 0 = -3*u + 334 - 103. Suppose -u = -5*k - 2. Suppose -4*x = -x + k. Let b(g) = g**3 + 6*g**2 + 4*g + 3. Give b(x).
8
Let o = -13 - -21. Suppose -11*v = -o*v - 15. Let m(r) = r**2 - 6*r - 6. What is m(v)?
-11
Let s(w) = -3*w**2 + 12*w + 1. Let h(d) = 4*d + 29. Let j be h(-10). Let g(v) = -v**2 + 4*v. Let c(k) = j*g(k) + 4*s(k). What is c(4)?
4
Let h(p) = -4*p**2 + 2*p - 1. Let q(x) = -x**2 + 9*x - 19. Let m be q(5). Determine h(m).
-3
Let p(c) = c**2 - 4*c - 135. Let q be p(14). Let u(y) = -17*y + 10. Let a(h) = 8*h - 5. Let r(j) = -13*a(j) - 6*u(j). Calculate r(q).
-5
Let h(f) = 21*f**2 - 12*f - 22. Let a(y) = 5*y**2 - 2*y - 2. Let x(d) = 4*a(d) - h(d). Give x(5).
9
Suppose 4*y + 6 = 3*x, 5*y = -2*x - 0*y + 4. Let c(n) = -4*n**2 + 8*n + 1. Let v(h) = -2*h**2 + 4*h. Let b(s) = -3*c(s) + 7*v(s). What is b(x)?
-3
Let i = -4 - 0. Let l(p) be the second derivative of p**3/3 + 5*p**2/2 + 3*p + 72. Determine l(i).
-3
Let f(d) be the third derivative of -d**4/24 - 10*d**3/3 - 2*d**2 - 4. Determine f(-15).
-5
Let p(l) = 5 - 41*l - 35*l + 66*l. Give p(4).
-35
Let a(l) be the first derivative of -l**5/60 - l**4/24 + l**3/3 - 3*l**2 + 13. Let k(p) be the second derivative of a(p). Calculate k(-2).
0
Suppose -4*d + 28 = 3*s, -2*s + 4*d = -4 - 28. Let o be (8/s)/(3/(-27)). Let j be o/14 - (-6)/14. Let w(a) = a**3 + 5. Determine w(j).
5
Let i(f) = f**2 + 10*f - 14. Let p be i(-12). Suppose 4 - p = 3*u. Let c(g) = 7*g - 5*g - 8*g + 9*g + 8*g + 1. Give c(u).
-21
Let z = 1450 + -1439. Let h(m) = m**3 - 11*m**2 - m +